{"id":54,"date":"2017-10-17T22:32:57","date_gmt":"2017-10-17T20:32:57","guid":{"rendered":"http:\/\/www.autinor.com\/autinor\/?page_id=54"},"modified":"2017-10-17T22:32:57","modified_gmt":"2017-10-17T20:32:57","slug":"doc-alpha","status":"publish","type":"page","link":"http:\/\/www.autinor.com\/autinor\/doc-alpha\/","title":{"rendered":"Doc Alpha"},"content":{"rendered":"<p><a href=\"http:\/\/www.autinor.com\/Documentations\/Alpha%20H%20%28BH12%29%20-%20Manuel%20d%27installation%20-FR-%20du%2017%2012%2002%20%287681%29.pdf\">Alpha Hydraulique \u00e0 ils ou \u00e9crans<\/a><\/p>\n<p><a href=\"http:\/\/www.autinor.com\/Documentations\/Alpha%20HB%20%28BH12%29%20-%20Manuel%20d%27installation%20-FR-%20du%2016%2002%2001%20%287654%29.pdf\">Alpha Hydraulique \u00e0 bande<\/a><\/p>\n<p><a href=\"http:\/\/www.autinor.com\/Documentations\/Alpha%20A%20%28BH01%29%20-%20Manuel%20d%27installation%20-FR-%20du%2021%2006%2000%20%287443%29.pdf\">Alpha A \u00e9lectrique (1V\/2V) \u00e0 ils ou \u00e9crans<\/a><\/p>\n<p><a href=\"http:\/\/www.autinor.com\/Documentations\/Alpha%20B%20%28BH12%29%20-%20Manuel%20d%27installation%20-FR-%20du%2014%2003%2001%20%287653%29.pdf\">Alpha B \u00e9lectrique (1V\/2V) \u00e0 bande<\/a><\/p>\n<p><a href=\"http:\/\/www.autinor.com\/Documentations\/Alpha%20MB%20%28BH01%29%20-%20Manuel%20d%27installation%20-FR-%20du%2029%2010%202009%20%287458%29.pdf\">Alpha MB (BH01+OND04)<\/a><\/p>\n<p><a href=\"http:\/\/www.autinor.com\/Documentations\/Alpha%20MLIFT%20Vector%20%28BH12-VEC01%29%20-%20Programmation%20Scalaire%20-FR-%20du%2014%2002%2001%20%287656%29.pdf\">Alpha Mlift (BH12+VEC01) Scalaire (boucle ouverte)<\/a><\/p>\n<p><a href=\"http:\/\/www.autinor.com\/Documentations\/Alpha%20MLIFT%20Vector%20%28BH12-VEC01%29%20-%20Programmation%20Vectorielle%20-FR-%20du%2014%2002%2001%20%287655%29.pdf\">Alpha Mlift (BH12+VEC01) Vectorielle (boucle ferm\u00e9e)<\/a><\/p>\n","protected":false},"excerpt":{"rendered":"<p>Alpha Hydraulique \u00e0 ils ou \u00e9crans Alpha Hydraulique \u00e0 bande Alpha A \u00e9lectrique (1V\/2V) \u00e0 ils ou \u00e9crans Alpha B \u00e9lectrique (1V\/2V) \u00e0 bande Alpha MB (BH01+OND04) Alpha Mlift (BH12+VEC01) Scalaire (boucle ouverte) Alpha Mlift (BH12+VEC01) Vectorielle (boucle ferm\u00e9e)<\/p>\n","protected":false},"author":1,"featured_media":0,"parent":0,"menu_order":0,"comment_status":"closed","ping_status":"closed","template":"","meta":{"footnotes":""},"class_list":["post-54","page","type-page","status-publish","hentry"],"_links":{"self":[{"href":"http:\/\/www.autinor.com\/autinor\/wp-json\/wp\/v2\/pages\/54","targetHints":{"allow":["GET"]}}],"collection":[{"href":"http:\/\/www.autinor.com\/autinor\/wp-json\/wp\/v2\/pages"}],"about":[{"href":"http:\/\/www.autinor.com\/autinor\/wp-json\/wp\/v2\/types\/page"}],"author":[{"embeddable":true,"href":"http:\/\/www.autinor.com\/autinor\/wp-json\/wp\/v2\/users\/1"}],"replies":[{"embeddable":true,"href":"http:\/\/www.autinor.com\/autinor\/wp-json\/wp\/v2\/comments?post=54"}],"version-history":[{"count":1,"href":"http:\/\/www.autinor.com\/autinor\/wp-json\/wp\/v2\/pages\/54\/revisions"}],"predecessor-version":[{"id":55,"href":"http:\/\/www.autinor.com\/autinor\/wp-json\/wp\/v2\/pages\/54\/revisions\/55"}],"wp:attachment":[{"href":"http:\/\/www.autinor.com\/autinor\/wp-json\/wp\/v2\/media?parent=54"}],"curies":[{"name":"wp","href":"https:\/\/api.w.org\/{rel}","templated":true}]}}